ed by 10893.
322
What is the remainder when 489530 is divided by 163172?
14
What is the remainder when 11910515 is divided by 1219?
885
Calculate the remainder when 217870504 is divided by 42.
40
What is the remainder when 88893 is divided by 1812?
105
Calculate the remainder when 42852081 is divided by 42.
27
What is the remainder when 405234 is divided by 2440?
194
What is the remainder when 759415 is divided by 31?
8
What is the remainder when 216575 is divided by 1170?
125
Calculate the remainder when 14970305 is divided by 7045.
6725
What is the remainder when 184252 is divided by 6575?
152
What is the remainder when 104447797 is divided by 2682?
2671
What is the remainder when 12358745 is divided by 107?
31
What is the remainder when 3232267 is divided by 4281?
112
Calculate the remainder when 2759531 is divided by 1504.
1195
Calculate the remainder when 11650529 is divided by 1637.
0
Calculate the remainder when 484100 is divided by 465.
35
Calculate the remainder when 27235929 is divided by 796.
789
Calculate the remainder when 87151 is divided by 6701.
38
What is the remainder when 191884 is divided by 5274?
2020
Calculate the remainder when 16750 is divided by 5118.
1396
What is the remainder when 2246562 is divided by 154?
10
What is the remainder when 349012 is divided by 13?
1
Calculate the remainder when 536668 is divided by 44721.
16
What is the remainder when 8239245 is divided by 2059796?
61
Calculate the remainder when 11086835 is divided by 46.
7
Calculate the remainder when 4337 is divided by 1002.
329
What is the remainder when 700701296 is divided by 234?
230
Calculate the remainder when 195178928 is divided by 11.
10
What is the remainder when 40729 is divided by 156?
13
What is the remainder when 2108670 is divided by 10557?
7827
Calculate the remainder when 6024248 is divided by 1505938.
496
What is the remainder when 5941 is divided by 64?
53
Calculate the remainder when 34323588 is divided by 124813.
13
What is the remainder when 138186 is divided by 1292?
1234
Calculate the remainder when 633323 is divided by 2946.
2879
Calculate the remainder when 597139 is divided by 897.
634
What is the remainder when 65404 is divided by 1274?
430
What is the remainder when 459933 is divided by 50976?
1149
What is the remainder when 1147540 is divided by 573747?
46
What is the remainder when 226651 is divided by 226590?
61
What is the remainder when 2116253 is divided by 1058100?
53
What is the remainder when 7929280 is divided by 94396?
16
Calculate the remainder when 121046 is divided by 39572.
2330
Calculate the remainder when 73294996 is divided by 6665.
6656
Calculate the remainder when 127545 is divided by 63761.
23
Calculate the remainder when 78678850 is divided by 28.
26
What is the remainder when 170879 is divided by 4874?
289
Calculate the remainder when 14676085 is divided by 87.
55
What is the remainder when 79053 is divided by 531?
465
Calculate the remainder when 1055713 is divided by 221.
217
Calculate the remainder when 10371946 is divided by 111.
106
Calculate the remainder when 89050841 is divided by 17.
13
What is the remainder when 2567185 is divided by 498?
493
What is the remainder when 18568 is divided by 1783?
738
Calculate the remainder when 4171160 is divided by 1390371.
47
What is the remainder when 609001 is divided by 304191?
619
What is the remainder when 24825 is divided by 2120?
1505
Calculate the remainder when 238566 is divided by 19838.
510
What is the remainder when 372468 is divided by 93107?
40
Calculate the remainder when 5102852997 is divided by 700.
697
Calculate the remainder when 327744 is divided by 881.
12
What is the remainder when 38735 is divided by 523?
33
Calculate the remainder when 120842005 is divided by 14.
11
What is the remainder when 516866 is divided by 172133?
467
What is the remainder when 3914161 is divided by 46?
21
Calculate the remainder when 1657372 is divided by 999.
31
What is the remainder when 31254722 is divided by 661?
659
What is the remainder when 29248 is divided by 3198?
466
Calculate the remainder when 440058 is divided by 13738.
442
What is the remainder when 1939689 is divided by 646435?
384
Calculate the remainder when 87179 is divided by 5128.
3
Calculate the remainder when 3800551 is divided by 12420.
31
Calculate the remainder when 17420 is divided by 15557.
1863
Calculate the remainder when 64994637 is divided by 596281.
8
Calculate the remainder when 817224 is divided by 640.
584
Calculate the remainder when 1876127 is divided by 166.
161
Calculate the remainder when 3653064 is divided by 65233.
16
What is the remainder when 14924 is divided by 696?
308
Calculate the remainder when 41955 is divided by 929.
150
Calculate the remainder when 141425 is divided by 141415.
10
What is the remainder when 596408 is divided by 1890?
1058
What is the remainder when 260890 is divided by 130431?
28
Calculate the remainder when 4764623 is divided by 66175.
23
Calculate the remainder when 23025286 is divided by 94754.
64
Calculate the remainder when 100905 is divided by 369.
168
Calculate the remainder when 36036010 is divided by 90.
10
Calculate the remainder when 1006167 is divided by 1006115.
52
What is the remainder when 121390158 is divided by 4772?
22
Calculate the remainder when 2401127 is divided by 12.
11
Calculate the remainder when 135513 is divided by 43962.
3627
Calculate the remainder when 82964 is divided by 41379.
206
What is the remainder when 26812 is divided by 2775?
1837
Calculate the remainder when 865168 is divided by 1445.
1058
What is the remainder when 78627 is divided by 624?
3
What is the remainder when 114910 is divided by 16386?
208
What is the remainder when 1906146 is divided by 86643?
0
Calculate the remainder when 8853078 is divided by 52076.
158
Calculate the remainder when 547940 is divided by 310.
170
Calculate the remainder when 1890094 is divided by 629824.
622
What is the remainder when 17870 is divided by 988?
86
Calculate the remainder when 1556570 is divided by 1556562.
8
Calculate the remainder when 2897791 is divided by 1447414.
2963
What is the remainder when 4171698 is divided by 325?
323
What is the remainder when 281689 is divided by 413?
23
What is the remainder when 25351 is divided by 1583?
23
What is the remainder when 544694 is divided by 6980?
254
Calculate the remainder when 1934294 is divided by 322373.
56
What is the remainder when 22280 is divided by 2135?
930
What is the remainder when 48380 is divided by 3706?
202
Calculate the remainder when 1374795684 is divided by 22.
20
Calculate the remainder when 56564576 is divided by 5820.
5816
What is the remainder when 159529 is divided by 1813?
1798
Calculate the remainder when 12664 is divided by 438.
400
What is the remainder when 246984 is divided by 61723?
92
Calculate the remainder when 79069 is divided by 5230.
619
What is the remainder when 14536188 is divided by 2907236?
8
Calculate the remainder when 105445560 is divided by 185.
0
What is the remainder when 46133659 is divided by 555827?
18
What is the remainder when 151814697 is divided by 50604884?
45
Calculate the remainder when 72001376 is divided by 3.
2
What is the remainder when 431864 is divided by 1122?
1016
What is the remainder when 1357946 is divided by 116?
50
Calculate the remainder when 4855393 is divided by 18532.
9
Calculate the remainder when 150639 is divided by 94.
51
Calculate the remainder when 66558 is divided by 437.
134
Calculate the remainder when 60168 is divided by 29326.
1516
What is the remainder when 9417349 is divided by 2034?
1963
What is the remainder when 10286618 is divided by 27877?
5
What is the remainder when 492891 is divided by 2664?
51
What is the remainder when 10967459 is divided by 140?
139
What is the remainder when 99459103 is divided by 82?
73
Calculate the remainder when 369059 is divided by 2247.
551
Calculate the remainder when 20198103 is divided by 300.
3
What is the remainder when 829490 is divided by 5214?
464
What is the remainder when 1456585 is divided by 728284?
17
Calculate the remainder when 13717022 is divided by 515.
512
Calculate the remainder when 4716270 is divided by 214372.
86
What is the remainder when 413555 is divided by 751